{"id":16905,"date":"2022-12-18T23:52:34","date_gmt":"2022-12-18T21:52:34","guid":{"rendered":"https:\/\/rafc.cat\/?post_type=biblioteca_museu_cus&#038;p=16905"},"modified":"2022-12-18T23:58:08","modified_gmt":"2022-12-18T21:58:08","slug":"la-flora-en-la-numastica-moderna-llibre-del-dr-cesar-blanche-verges-y-jaime-casas-pla-2021","status":"publish","type":"biblioteca_museu_cus","link":"https:\/\/rafc.cat\/es\/biblioteca_museu_cus\/la-flora-en-la-numastica-moderna-llibre-del-dr-cesar-blanche-verges-y-jaime-casas-pla-2021\/","title":{"rendered":"La Flora en la num\u00e1stica moderna. Llibre del Dr. C\u00e8sar Blanch\u00e9 Verg\u00e9s i Jaime Casas Pla, 2021."},"featured_media":16450,"parent":0,"template":"","tipus_arxius_biblioteca":[383],"class_list":["post-16905","biblioteca_museu_cus","type-biblioteca_museu_cus","status-publish","has-post-thumbnail","hentry","tipus_arxius_biblioteca-altres-llibres-es"],"acf":[],"_links":{"self":[{"href":"https:\/\/rafc.cat\/es\/wp-json\/wp\/v2\/biblioteca_museu_cus\/16905","targetHints":{"allow":["GET"]}}],"collection":[{"href":"https:\/\/rafc.cat\/es\/wp-json\/wp\/v2\/biblioteca_museu_cus"}],"about":[{"href":"https:\/\/rafc.cat\/es\/wp-json\/wp\/v2\/types\/biblioteca_museu_cus"}],"wp:featuredmedia":[{"embeddable":true,"href":"https:\/\/rafc.cat\/es\/wp-json\/wp\/v2\/media\/16450"}],"wp:attachment":[{"href":"https:\/\/rafc.cat\/es\/wp-json\/wp\/v2\/media?parent=16905"}],"wp:term":[{"taxonomy":"tipus_arxius_biblioteca","embeddable":true,"href":"https:\/\/rafc.cat\/es\/wp-json\/wp\/v2\/tipus_arxius_biblioteca?post=16905"}],"curies":[{"name":"wp","href":"https:\/\/api.w.org\/{rel}","templated":true}]}}

La Flora en la numástica moderna. Llibre del Dr. Cèsar Blanché Vergés i Jaime Casas Pla, 2021.
