{"id":18082,"date":"2024-09-18T15:42:25","date_gmt":"2024-09-18T14:42:25","guid":{"rendered":"https:\/\/rafc.cat\/?post_type=darrers_discursos&#038;p=18082"},"modified":"2024-09-18T15:42:25","modified_gmt":"2024-09-18T14:42:25","slug":"perspectiva-de-sexe-i-genere-en-la-recerca-biomedica-una-questio-detica-2","status":"publish","type":"darrers_discursos","link":"https:\/\/rafc.cat\/es\/darrers_discursos\/perspectiva-de-sexe-i-genere-en-la-recerca-biomedica-una-questio-detica-2\/","title":{"rendered":"\u201cPERSPECTIVA DE SEXE I G\u00c8NERE EN LA RECERCA BIOM\u00c8DICA: UNA Q\u00dcESTI\u00d3 D\u2019\u00c8TICA\u201d"},"parent":0,"template":"","tipus_darrers_discursos":[332],"class_list":["post-18082","darrers_discursos","type-darrers_discursos","status-publish","hentry","tipus_darrers_discursos-ingreso-ac-correspondiente"],"acf":[],"_links":{"self":[{"href":"https:\/\/rafc.cat\/es\/wp-json\/wp\/v2\/darrers_discursos\/18082","targetHints":{"allow":["GET"]}}],"collection":[{"href":"https:\/\/rafc.cat\/es\/wp-json\/wp\/v2\/darrers_discursos"}],"about":[{"href":"https:\/\/rafc.cat\/es\/wp-json\/wp\/v2\/types\/darrers_discursos"}],"wp:attachment":[{"href":"https:\/\/rafc.cat\/es\/wp-json\/wp\/v2\/media?parent=18082"}],"wp:term":[{"taxonomy":"tipus_darrers_discursos","embeddable":true,"href":"https:\/\/rafc.cat\/es\/wp-json\/wp\/v2\/tipus_darrers_discursos?post=18082"}],"curies":[{"name":"wp","href":"https:\/\/api.w.org\/{rel}","templated":true}]}}

“PERSPECTIVA DE SEXE I GÈNERE EN LA RECERCA BIOMÈDICA: UNA QÜESTIÓ D’ÈTICA”
