{"id":18344,"date":"2025-02-09T20:08:02","date_gmt":"2025-02-09T19:08:02","guid":{"rendered":"https:\/\/rafc.cat\/?post_type=videos&#038;p=18344"},"modified":"2025-02-09T21:57:43","modified_gmt":"2025-02-09T20:57:43","slug":"taula-rodona-organitzada-per-la-seccio-segona-biologia-i-farmacologia","status":"publish","type":"videos","link":"https:\/\/rafc.cat\/es\/videos\/taula-rodona-organitzada-per-la-seccio-segona-biologia-i-farmacologia\/","title":{"rendered":"Mesa Redonda organizada por la Secci\u00f3n Segunda, Biolog\u00eda y Farmacolog\u00eda"},"featured_media":0,"parent":0,"template":"","videos":[231],"class_list":["post-18344","videos","type-videos","status-publish","hentry","videos-videos-es"],"acf":[],"_links":{"self":[{"href":"https:\/\/rafc.cat\/es\/wp-json\/wp\/v2\/videos\/18344"}],"collection":[{"href":"https:\/\/rafc.cat\/es\/wp-json\/wp\/v2\/videos"}],"about":[{"href":"https:\/\/rafc.cat\/es\/wp-json\/wp\/v2\/types\/videos"}],"wp:attachment":[{"href":"https:\/\/rafc.cat\/es\/wp-json\/wp\/v2\/media?parent=18344"}],"wp:term":[{"taxonomy":"videos","embeddable":true,"href":"https:\/\/rafc.cat\/es\/wp-json\/wp\/v2\/videos?post=18344"}],"curies":[{"name":"wp","href":"https:\/\/api.w.org\/{rel}","templated":true}]}}

Mesa Redonda organizada por la Sección Segunda, Biología y Farmacología
