{"id":18549,"date":"2025-06-10T21:33:14","date_gmt":"2025-06-10T20:33:14","guid":{"rendered":"https:\/\/rafc.cat\/videos\/conferencia-organitza-per-la-seccio-segona-biologia-i-farmacologia\/"},"modified":"2025-07-27T20:42:34","modified_gmt":"2025-07-27T19:42:34","slug":"conferencia-organitza-per-la-seccio-segona-biologia-i-farmacologia","status":"publish","type":"videos","link":"https:\/\/rafc.cat\/es\/videos\/conferencia-organitza-per-la-seccio-segona-biologia-i-farmacologia\/","title":{"rendered":"Conferencia organiza por la Secci\u00f3n Segunda Biolog\u00eda y Farmacolog\u00eda"},"featured_media":0,"parent":0,"template":"","videos":[231],"class_list":["post-18549","videos","type-videos","status-publish","hentry","videos-videos-es"],"acf":[],"_links":{"self":[{"href":"https:\/\/rafc.cat\/es\/wp-json\/wp\/v2\/videos\/18549"}],"collection":[{"href":"https:\/\/rafc.cat\/es\/wp-json\/wp\/v2\/videos"}],"about":[{"href":"https:\/\/rafc.cat\/es\/wp-json\/wp\/v2\/types\/videos"}],"wp:attachment":[{"href":"https:\/\/rafc.cat\/es\/wp-json\/wp\/v2\/media?parent=18549"}],"wp:term":[{"taxonomy":"videos","embeddable":true,"href":"https:\/\/rafc.cat\/es\/wp-json\/wp\/v2\/videos?post=18549"}],"curies":[{"name":"wp","href":"https:\/\/api.w.org\/{rel}","templated":true}]}}

Conferencia organiza por la Sección Segunda Biología y Farmacología
