{"id":18694,"date":"2025-11-15T17:52:16","date_gmt":"2025-11-15T16:52:16","guid":{"rendered":"https:\/\/rafc.cat\/videos\/discurs-dingres-com-academica-corresponent-de-la-i%c2%b7lustre-sra-dra-ana-maria-aliaga-perez\/"},"modified":"2025-11-17T14:59:31","modified_gmt":"2025-11-17T13:59:31","slug":"discurs-dingres-com-academica-corresponent-de-la-i%c2%b7lustre-sra-dra-ana-maria-aliaga-perez","status":"publish","type":"videos","link":"https:\/\/rafc.cat\/es\/videos\/discurs-dingres-com-academica-corresponent-de-la-i%c2%b7lustre-sra-dra-ana-maria-aliaga-perez\/","title":{"rendered":"Discurso de ingreso como Acad\u00e9mica Correspondiente de la Ilustre Sra. Dra. Ana Mar\u00eda Aliaga P\u00e9rez."},"featured_media":0,"parent":0,"template":"","videos":[231],"class_list":["post-18694","videos","type-videos","status-publish","hentry","videos-videos-es"],"acf":[],"_links":{"self":[{"href":"https:\/\/rafc.cat\/es\/wp-json\/wp\/v2\/videos\/18694"}],"collection":[{"href":"https:\/\/rafc.cat\/es\/wp-json\/wp\/v2\/videos"}],"about":[{"href":"https:\/\/rafc.cat\/es\/wp-json\/wp\/v2\/types\/videos"}],"wp:attachment":[{"href":"https:\/\/rafc.cat\/es\/wp-json\/wp\/v2\/media?parent=18694"}],"wp:term":[{"taxonomy":"videos","embeddable":true,"href":"https:\/\/rafc.cat\/es\/wp-json\/wp\/v2\/videos?post=18694"}],"curies":[{"name":"wp","href":"https:\/\/api.w.org\/{rel}","templated":true}]}}

Discurso de ingreso como Académica Correspondiente de la Ilustre Sra. Dra. Ana María Aliaga Pérez.
