{"id":18715,"date":"2025-11-24T23:40:32","date_gmt":"2025-11-24T22:40:32","guid":{"rendered":"https:\/\/rafc.cat\/?post_type=videos&#038;p=18715"},"modified":"2025-12-01T22:16:45","modified_gmt":"2025-12-01T21:16:45","slug":"conferencia-organitzada-per-la-seccio-segona-biologia-i-farmacologia","status":"publish","type":"videos","link":"https:\/\/rafc.cat\/es\/videos\/conferencia-organitzada-per-la-seccio-segona-biologia-i-farmacologia\/","title":{"rendered":"Conferencia organizada por la Secci\u00f3n Segunda de Biolog\u00eda y Farmacolog\u00eda."},"featured_media":0,"parent":0,"template":"","videos":[231],"class_list":["post-18715","videos","type-videos","status-publish","hentry","videos-videos-es"],"acf":[],"_links":{"self":[{"href":"https:\/\/rafc.cat\/es\/wp-json\/wp\/v2\/videos\/18715"}],"collection":[{"href":"https:\/\/rafc.cat\/es\/wp-json\/wp\/v2\/videos"}],"about":[{"href":"https:\/\/rafc.cat\/es\/wp-json\/wp\/v2\/types\/videos"}],"wp:attachment":[{"href":"https:\/\/rafc.cat\/es\/wp-json\/wp\/v2\/media?parent=18715"}],"wp:term":[{"taxonomy":"videos","embeddable":true,"href":"https:\/\/rafc.cat\/es\/wp-json\/wp\/v2\/videos?post=18715"}],"curies":[{"name":"wp","href":"https:\/\/api.w.org\/{rel}","templated":true}]}}

Conferencia organizada por la Sección Segunda de Biología y Farmacología.
