{"id":18727,"date":"2025-12-08T00:09:19","date_gmt":"2025-12-07T23:09:19","guid":{"rendered":"https:\/\/rafc.cat\/videos\/sessio-cientifica-organitzada-organitzada-per-la-seccio-sisena-farmacia-assistencial\/"},"modified":"2025-12-08T00:11:10","modified_gmt":"2025-12-07T23:11:10","slug":"sessio-cientifica-organitzada-organitzada-per-la-seccio-sisena-farmacia-assistencial","status":"publish","type":"videos","link":"https:\/\/rafc.cat\/es\/videos\/sessio-cientifica-organitzada-organitzada-per-la-seccio-sisena-farmacia-assistencial\/","title":{"rendered":"Sesi\u00f3n cient\u00edfica organizada por la Secci\u00f3n Sexta, Farmacia Asistencial:"},"featured_media":0,"parent":0,"template":"","videos":[231],"class_list":["post-18727","videos","type-videos","status-publish","hentry","videos-videos-es"],"acf":[],"_links":{"self":[{"href":"https:\/\/rafc.cat\/es\/wp-json\/wp\/v2\/videos\/18727"}],"collection":[{"href":"https:\/\/rafc.cat\/es\/wp-json\/wp\/v2\/videos"}],"about":[{"href":"https:\/\/rafc.cat\/es\/wp-json\/wp\/v2\/types\/videos"}],"wp:attachment":[{"href":"https:\/\/rafc.cat\/es\/wp-json\/wp\/v2\/media?parent=18727"}],"wp:term":[{"taxonomy":"videos","embeddable":true,"href":"https:\/\/rafc.cat\/es\/wp-json\/wp\/v2\/videos?post=18727"}],"curies":[{"name":"wp","href":"https:\/\/api.w.org\/{rel}","templated":true}]}}

Sesión científica organizada por la Sección Sexta, Farmacia Asistencial:
