{"id":18793,"date":"2025-12-07T23:12:19","date_gmt":"2025-12-07T22:12:19","guid":{"rendered":"https:\/\/rafc.cat\/videos\/segona-sessio-conjunta-de-la-seccio-vi-farmacia-assistencial-i-la-seccio-iv-salut-publica-alimentacio-i-medi-ambient\/"},"modified":"2026-01-26T23:19:54","modified_gmt":"2026-01-26T22:19:54","slug":"segona-sessio-conjunta-de-la-seccio-vi-farmacia-assistencial-i-la-seccio-iv-salut-publica-alimentacio-i-medi-ambient","status":"publish","type":"videos","link":"https:\/\/rafc.cat\/es\/videos\/segona-sessio-conjunta-de-la-seccio-vi-farmacia-assistencial-i-la-seccio-iv-salut-publica-alimentacio-i-medi-ambient\/","title":{"rendered":"Segunda sesi\u00f3n conjunta de la Secci\u00f3n VI (Farmacia Asistencial) y la Secci\u00f3n IV (Salud P\u00fablica, Alimentaci\u00f3n y Medio Ambiente)."},"featured_media":0,"parent":0,"template":"","videos":[231],"class_list":["post-18793","videos","type-videos","status-publish","hentry","videos-videos-es"],"acf":[],"_links":{"self":[{"href":"https:\/\/rafc.cat\/es\/wp-json\/wp\/v2\/videos\/18793"}],"collection":[{"href":"https:\/\/rafc.cat\/es\/wp-json\/wp\/v2\/videos"}],"about":[{"href":"https:\/\/rafc.cat\/es\/wp-json\/wp\/v2\/types\/videos"}],"wp:attachment":[{"href":"https:\/\/rafc.cat\/es\/wp-json\/wp\/v2\/media?parent=18793"}],"wp:term":[{"taxonomy":"videos","embeddable":true,"href":"https:\/\/rafc.cat\/es\/wp-json\/wp\/v2\/videos?post=18793"}],"curies":[{"name":"wp","href":"https:\/\/api.w.org\/{rel}","templated":true}]}}

Segunda sesión conjunta de la Sección VI (Farmacia Asistencial) y la Sección IV (Salud Pública, Alimentación y Medio Ambiente).
