{"id":18837,"date":"2026-04-16T22:19:33","date_gmt":"2026-04-16T21:19:33","guid":{"rendered":"https:\/\/rafc.cat\/videos\/inauguracio-del-curs-de-la-reial-academia-de-farmacia-de-catalunya-2026\/"},"modified":"2026-04-16T22:24:26","modified_gmt":"2026-04-16T21:24:26","slug":"inauguracio-del-curs-de-la-reial-academia-de-farmacia-de-catalunya-2026","status":"publish","type":"videos","link":"https:\/\/rafc.cat\/es\/videos\/inauguracio-del-curs-de-la-reial-academia-de-farmacia-de-catalunya-2026\/","title":{"rendered":"Inauguraci\u00f3n del Curso de la Reial Acad\u00e8mia de Farm\u00e0cia de Catalunya 2026"},"featured_media":0,"parent":0,"template":"","videos":[231],"class_list":["post-18837","videos","type-videos","status-publish","hentry","videos-videos-es"],"acf":[],"_links":{"self":[{"href":"https:\/\/rafc.cat\/es\/wp-json\/wp\/v2\/videos\/18837"}],"collection":[{"href":"https:\/\/rafc.cat\/es\/wp-json\/wp\/v2\/videos"}],"about":[{"href":"https:\/\/rafc.cat\/es\/wp-json\/wp\/v2\/types\/videos"}],"wp:attachment":[{"href":"https:\/\/rafc.cat\/es\/wp-json\/wp\/v2\/media?parent=18837"}],"wp:term":[{"taxonomy":"videos","embeddable":true,"href":"https:\/\/rafc.cat\/es\/wp-json\/wp\/v2\/videos?post=18837"}],"curies":[{"name":"wp","href":"https:\/\/api.w.org\/{rel}","templated":true}]}}

Inauguración del Curso de la Reial Acadèmia de Farmàcia de Catalunya 2026
